{"id":308,"date":"2018-04-02T15:14:53","date_gmt":"2018-04-02T13:14:53","guid":{"rendered":"https:\/\/praxisbrandau.de\/?page_id=308"},"modified":"2022-07-22T11:41:03","modified_gmt":"2022-07-22T09:41:03","slug":"impressum","status":"publish","type":"page","link":"https:\/\/praxisbrandau.de\/?page_id=308","title":{"rendered":"Impressum"},"content":{"rendered":"<p>[et_pb_section fb_built=&#8220;1&#8243; fullwidth=&#8220;on&#8220; _builder_version=&#8220;3.22&#8243; global_colors_info=&#8220;{}&#8220;][et_pb_fullwidth_image src=&#8220;https:\/\/praxisbrandau.de\/wp-content\/uploads\/2018\/04\/atmosphare-berge-fliegen-37728.jpg&#8220; _builder_version=&#8220;3.0.106&#8243; background_size=&#8220;initial&#8220; background_position=&#8220;top_left&#8220; background_repeat=&#8220;repeat&#8220; global_colors_info=&#8220;{}&#8220;][\/et_pb_fullwidth_image][\/et_pb_section][et_pb_section fb_built=&#8220;1&#8243; admin_label=&#8220;section&#8220; _builder_version=&#8220;3.22&#8243; global_colors_info=&#8220;{}&#8220;][et_pb_row _builder_version=&#8220;3.25&#8243; background_size=&#8220;initial&#8220; background_position=&#8220;top_left&#8220; background_repeat=&#8220;repeat&#8220; global_colors_info=&#8220;{}&#8220; column_structure=&#8220;1_3,1_3,1_3&#8243;][et_pb_column type=&#8220;1_3&#8243; _builder_version=&#8220;3.25&#8243; custom_padding=&#8220;|||&#8220; global_colors_info=&#8220;{}&#8220; custom_padding__hover=&#8220;|||&#8220;][\/et_pb_column][et_pb_column type=&#8220;1_3&#8243; _builder_version=&#8220;3.25&#8243; custom_padding=&#8220;|||&#8220; global_colors_info=&#8220;{}&#8220; custom_padding__hover=&#8220;|||&#8220;][et_pb_image src=&#8220;https:\/\/praxisbrandau.de\/wp-content\/uploads\/2018\/04\/Icon_Impressum.png&#8220; show_bottom_space=&#8220;off&#8220; align=&#8220;center&#8220; align_tablet=&#8220;center&#8220; align_last_edited=&#8220;on|desktop&#8220; _builder_version=&#8220;3.23&#8243; max_width=&#8220;50%&#8220; module_alignment=&#8220;center&#8220; custom_margin=&#8220;||20px|&#8220; global_colors_info=&#8220;{}&#8220; align_phone=&#8220;center&#8220;][\/et_pb_image][et_pb_blurb title=&#8220;Impressum&#8220; _builder_version=&#8220;4.13.0&#8243; header_level=&#8220;h2&#8243; header_font=&#8220;Abhaya Libre|||||on|||&#8220; header_text_align=&#8220;center&#8220; header_text_color=&#8220;#bfb8b0&#8243; body_font=&#8220;Abhaya Libre||||||||&#8220; body_text_align=&#8220;center&#8220; text_orientation=&#8220;center&#8220; global_colors_info=&#8220;{}&#8220;][\/et_pb_blurb][\/et_pb_column][et_pb_column type=&#8220;1_3&#8243; _builder_version=&#8220;3.25&#8243; custom_padding=&#8220;|||&#8220; global_colors_info=&#8220;{}&#8220; custom_padding__hover=&#8220;|||&#8220;][\/et_pb_column][\/et_pb_row][et_pb_row admin_label=&#8220;row&#8220; _builder_version=&#8220;3.25&#8243; background_size=&#8220;initial&#8220; background_position=&#8220;top_left&#8220; background_repeat=&#8220;repeat&#8220; global_colors_info=&#8220;{}&#8220;][et_pb_column type=&#8220;4_4&#8243; _builder_version=&#8220;3.25&#8243; custom_padding=&#8220;|||&#8220; global_colors_info=&#8220;{}&#8220; custom_padding__hover=&#8220;|||&#8220;][et_pb_text _builder_version=&#8220;4.14.4&#8243; text_font=&#8220;Abhaya Libre||||||||&#8220; text_text_color=&#8220;#707070&#8243; header_font=&#8220;Abhaya Libre|||||on|||&#8220; header_text_align=&#8220;center&#8220; background_size=&#8220;initial&#8220; background_position=&#8220;top_left&#8220; background_repeat=&#8220;repeat&#8220; text_orientation=&#8220;center&#8220; hover_enabled=&#8220;0&#8243; global_colors_info=&#8220;{}&#8220; sticky_enabled=&#8220;0&#8243;]<\/p>\n<p><strong>Susanne Brandau<\/strong><\/p>\n<p><span style=\"color: #66615d;\"><a style=\"color: #66615d;\" href=\"https:\/\/maps.google.com\/?q=Borsigstr.+4+10115+Berlin&amp;entry=gmail&amp;source=g\" target=\"_blank\" rel=\"noopener noreferrer\">Borsigstr. 4<\/a><\/span><\/p>\n<p><span style=\"color: #66615d;\"><a style=\"color: #66615d;\" href=\"https:\/\/maps.google.com\/?q=Borsigstr.+4+10115+Berlin&amp;entry=gmail&amp;source=g\" target=\"_blank\" rel=\"noopener noreferrer\">10115 Berlin<\/a><\/span><\/p>\n<p>Tel: (030)\u00a098 58 27 64<\/p>\n<p><a href=\"mailto:mail@praxisbrandau.de\">mail@praxisbrandau.de<\/a><\/p>\n<p>&nbsp;<\/p>\n<p><strong>Gesetzliche Berufsbezeichnung:<\/strong><\/p>\n<p>Fach\u00e4rztin f\u00fcr Psychiatrie und Psychotherapie<\/p>\n<p>Berufsbezeichnung: Arzt (erworben in der Bundesrepublik Deutschland)<\/p>\n<p>&nbsp;<\/p>\n<p><span style=\"color: #726e69;\"><strong>Zust\u00e4ndige Kammer:<\/strong><\/span><\/p>\n<p><span style=\"color: #726e69;\">\u00c4rztekammer <a style=\"color: #726e69;\" href=\"https:\/\/maps.google.com\/?q=Berlin,+Friedrichstr.+16,+10969&amp;entry=gmail&amp;source=g\">Berlin, Friedrichstr. 16, 10969<\/a> Berlin<\/span><\/p>\n<p><span style=\"color: #726e69;\"><a style=\"color: #726e69;\" href=\"http:\/\/aekb.arzt.de\/\">http:\/\/aekb.arzt.de<\/a><\/span><\/p>\n<p><span style=\"font-size: 14px;\">Einzeltherapie, Verhaltenstherapie, integrative Psychotherapie mit Elementen aus Schematherapie, ACT-Therapie ( Acceptance- und Commitmenttherapie), affektive St\u00f6rungen wie unipolarer Depression, Anpassungsst\u00f6rung, Burn Out, posttraumatischer Belastungsst\u00f6rung, Trauma, sexueller Missbrauch, Angsterkrankungen wie Panikst\u00f6rung, Agoraphobie, spezifischen Phobien, generalisierte Angstst\u00f6rung,weiterhin Zwangsgedanken, Zwangshandlungen, Hypochondrie, Schlafst\u00f6rungen, Schmerzst\u00f6rungen, somatoforme St\u00f6rung, Somatisierungssst\u00f6rung, somatopsychische St\u00f6rung,, Depersonalisations-\/Derealisationssyndrom, Trennnungangst, Lebenskrisen.<\/span><\/p>\n<p>&nbsp;<\/p>\n<p><strong>Einzugsgebiet:<\/strong><\/p>\n<p>Ich als \u00a0\u00e4rztlich-psychiatrische Psychotherapeutin bin mit meiner Privatpraxis im Gro\u00dfraum Berlin t\u00e4tig \u2013 dazu z\u00e4hlen Berlin Mitte, Tiergarten, Prenzlauer Berg, Pankow, Kreuzberg, Wedding, Charlottenburg-Wilmersdorf, Treptow, Moabit, Tempelhof, Neuk\u00f6lln, Reinickendorf.<\/p>\n<p>&nbsp;<\/p>\n<p>I offer Cognitive behavioral Therapy (CBT), integrative therapy combining elements of schema therapy, ACT-therapy ( Acceptance- and Commitmenttherpy), Mindfulness. As a psychiatrist I provide the clinical assessment, diagnosis and treatment of mental disorders.<\/p>\n<p>Areas of problems: Panic disorder, Panic attacks, Anxiety disorders,\u00a0 Social phobia, Agoraphobia, Specific phobias, Generalized anxiety disorder, Suicidal thoughts, Depression, Grief, Reactive and adjustment disorders, Bipolar disorder, Obsessive and compulsive disorders, Obsessive thoughts, Obsessive behaviors, Psychosomatic disorders, Chronic pain, Personality disorders, Psychological trauma, Posttraumatic stress disorders PTSD, Self esteem problems, Burn-out, Life crisis<\/p>\n<p>&nbsp;<\/p>\n<p><b>Berufsrechtliche Regelungen:<\/b><\/p>\n<p>Berufsordnung der \u00c4rztekammer Berlin<\/p>\n<p>Approbationsordnung f\u00fcr \u00c4rzte<\/p>\n<p>Bundes\u00e4rzteordnung<\/p>\n<p>Berliner Kammergesetz<\/p>\n<p>&nbsp;<\/p>\n<p><b>Zust\u00e4ndige Aufsichtsbeh\u00f6rden:<\/b><\/p>\n<p>Landesamt f\u00fcr Gesundheit und Soziales Berlin<\/p>\n<p>Die berufsrechtlichen Regelungen k\u00f6nnen unter der Rubrik \u201eGesetze-Verordnungen\u201c bei der \u00c4rztekammer Berlin eingesehen werden:<\/p>\n<p><span style=\"color: #595452;\"><a style=\"color: #595452;\" href=\"http:\/\/www.aerztekammer-berlin.de\/\">www.aerztekammer-berlin.de<\/a><\/span><\/p>\n<p>&nbsp;<\/p>\n<p><strong>Copyright\u00a0\u00a9 2021 Susanne Brandau<\/strong><\/p>\n<p>&nbsp;<\/p>\n<p><b>Fotos:<\/b><\/p>\n<p><a href=\"http:\/\/www.pexels.com\">www.pexels.com<\/a><\/p>\n<p><a href=\"http:\/\/www.pexels.com\">www.istockphoto.com<\/a><\/p>\n<p>&nbsp;<\/p>\n<p><b>Gestaltung und Programmierung:<\/b><\/p>\n<p>Franziska Thiel \u00b7 <em>Staatlich gepr\u00fcfte Grafikdesignerin<\/em><\/p>\n<p>www.franziskathiel.de<\/p>\n<p>[\/et_pb_text][\/et_pb_column][\/et_pb_row][\/et_pb_section]<\/p>\n","protected":false},"excerpt":{"rendered":"<p>Susanne Brandau Borsigstr. 4 10115 Berlin Tel: (030)\u00a098 58 27 64 mail@praxisbrandau.de &nbsp; Gesetzliche Berufsbezeichnung: Fach\u00e4rztin f\u00fcr Psychiatrie und Psychotherapie Berufsbezeichnung: Arzt (erworben in der Bundesrepublik Deutschland) &nbsp; Zust\u00e4ndige Kammer: \u00c4rztekammer Berlin, Friedrichstr. 16, 10969 Berlin http:\/\/aekb.arzt.de Einzeltherapie, Verhaltenstherapie, integrative Psychotherapie mit Elementen aus Schematherapie, ACT-Therapie ( Acceptance- und Commitmenttherapie), affektive St\u00f6rungen wie unipolarer Depression, [&hellip;]<\/p>\n","protected":false},"author":1,"featured_media":0,"parent":0,"menu_order":0,"comment_status":"closed","ping_status":"closed","template":"","meta":{"_et_pb_use_builder":"on","_et_pb_old_content":"<p>Susanne Brandau<\/p><p><a href=\"https:\/\/maps.google.com\/?q=Borsigstr.+4+10115+Berlin&entry=gmail&source=g\">Borsigstr. 4<\/a><\/p><p><a href=\"https:\/\/maps.google.com\/?q=Borsigstr.+4+10115+Berlin&entry=gmail&source=g\">10115 Berlin<\/a><\/p><p>Tel: (030) 28 88 40 76<\/p><p><a href=\"mailto:mail@praxisbrandau.de\">mail@praxisbrandau.de<\/a><\/p><p><b>Gesetzliche Berufsbezeichnung:<\/b><\/p><p>Fach\u00e4rztin f\u00fcr Psychiatrie und Psychotherapie<\/p><p>Berufsbezeichnung: Arzt (erworben in der Bundesrepublik Deutschland)<\/p><p>Zust\u00e4ndige Kammer:<\/p><p>\u00c4rztekammer <a href=\"https:\/\/maps.google.com\/?q=Berlin,+Friedrichstr.+16,+10969&entry=gmail&source=g\">Berlin, Friedrichstr. 16, 10969<\/a> Berlin<\/p><p><a href=\"http:\/\/aekb.arzt.de\/\">http:\/\/aekb.arzt.de<\/a><\/p><p><b>Berufsrechtliche Regelungen<\/b><\/p><p>Berufsordnung der \u00c4rztekammer Berlin<\/p><p>Approbationsordnung f\u00fcr \u00c4rzte<\/p><p>Bundes\u00e4rzteordnung<\/p><p>Berliner Kammergesetz<\/p><p><b>Zust\u00e4ndige Aufsichtsbeh\u00f6rden:<\/b><\/p><p>Landesamt f\u00fcr Gesundheit und Soziales Berlin<\/p><p>S\u00e4<a href=\"https:\/\/maps.google.com\/?q=S+chsische+Str.+28+10707+Berlin&entry=gmail&source=g\">chsische Str. 28<\/a><\/p><p><a href=\"https:\/\/maps.google.com\/?q=S+chsische+Str.+28+10707+Berlin&entry=gmail&source=g\">10707 Berlin<\/a><\/p><p>Kassen\u00e4rztliche Vereinigung Berlin<\/p><p><a href=\"https:\/\/maps.google.com\/?q=Masurenallee+6+A+14057+Berlin&entry=gmail&source=g\">Masurenallee 6 A<\/a><\/p><p><a href=\"https:\/\/maps.google.com\/?q=Masurenallee+6+A+14057+Berlin&entry=gmail&source=g\">14057 Berlin<\/a><\/p><p><a href=\"http:\/\/www.kvberlin.de\/\">http:\/\/www.kvberlin.de<\/a><\/p><p>Die berufsrechtlichen Regelungen k\u00f6nnen unter der Rubrik \u201cGesetze-Verordnungen\u201d bei der \u00c4rztekammer Berlin eingesehen werden:<\/p><p><a href=\"http:\/\/www.aerztekammer-berlin.de\/\">www.aerztekammer-berlin.de<\/a><\/p><p>Copyright<\/p><p>\u00a9 2018 Susanne Brandau<\/p><p><b>Gestaltung und Programmierung:<\/b><\/p><p>\u00a9 Franziska Thiel \u00b7 Staatlich gepr\u00fcfte Grafikdesignerin \u00b7 www.franziskathiel.de<\/p>","_et_gb_content_width":"","footnotes":""},"class_list":["post-308","page","type-page","status-publish","hentry"],"_links":{"self":[{"href":"https:\/\/praxisbrandau.de\/index.php?rest_route=\/wp\/v2\/pages\/308","targetHints":{"allow":["GET"]}}],"collection":[{"href":"https:\/\/praxisbrandau.de\/index.php?rest_route=\/wp\/v2\/pages"}],"about":[{"href":"https:\/\/praxisbrandau.de\/index.php?rest_route=\/wp\/v2\/types\/page"}],"author":[{"embeddable":true,"href":"https:\/\/praxisbrandau.de\/index.php?rest_route=\/wp\/v2\/users\/1"}],"replies":[{"embeddable":true,"href":"https:\/\/praxisbrandau.de\/index.php?rest_route=%2Fwp%2Fv2%2Fcomments&post=308"}],"version-history":[{"count":11,"href":"https:\/\/praxisbrandau.de\/index.php?rest_route=\/wp\/v2\/pages\/308\/revisions"}],"predecessor-version":[{"id":544,"href":"https:\/\/praxisbrandau.de\/index.php?rest_route=\/wp\/v2\/pages\/308\/revisions\/544"}],"wp:attachment":[{"href":"https:\/\/praxisbrandau.de\/index.php?rest_route=%2Fwp%2Fv2%2Fmedia&parent=308"}],"curies":[{"name":"wp","href":"https:\/\/api.w.org\/{rel}","templated":true}]}}

<p>[et_pb_section fb_built=&#8220;1&#8243; fullwidth=&#8220;on&#8220; _builder_version=&#8220;3.22&#8243; global_colors_info=&#8220;{}&#8220;][et_pb_fullwidth_image src=&#8220;https://praxisbrandau.de/wp-content/uploads/2018/04/atmosphare-berge-fliegen-37728.jpg&#8220; _builder_version=&#8220;3.0.106&#8243; background_size=&#8220;initial&#8220; background_position=&#8220;top_left&#8220; background_repeat=&#8220;repeat&#8220; global_colors_info=&#8220;{}&#8220;][/et_pb_fullwidth_image][/et_pb_section][et_pb_section fb_built=&#8220;1&#8243; admin_label=&#8220;section&#8220; _builder_version=&#8220;3.22&#8243; global_colors_info=&#8220;{}&#8220;][et_pb_row _builder_version=&#8220;3.25&#8243; background_size=&#8220;initial&#8220; background_position=&#8220;top_left&#8220; background_repeat=&#8220;repeat&#8220; global_colors_info=&#8220;{}&#8220; column_structure=&#8220;1_3,1_3,1_3&#8243;][et_pb_column type=&#8220;1_3&#8243; _builder_version=&#8220;3.25&#8243; custom_padding=&#8220;|||&#8220; global_colors_info=&#8220;{}&#8220; custom_padding__hover=&#8220;|||&#8220;][/et_pb_column][et_pb_column type=&#8220;1_3&#8243; _builder_version=&#8220;3.25&#8243; custom_padding=&#8220;|||&#8220; global_colors_info=&#8220;{}&#8220; custom_padding__hover=&#8220;|||&#8220;][et_pb_image src=&#8220;https://praxisbrandau.de/wp-content/uploads/2018/04/Icon_Impressum.png&#8220; show_bottom_space=&#8220;off&#8220; align=&#8220;center&#8220; align_tablet=&#8220;center&#8220; align_last_edited=&#8220;on|desktop&#8220; _builder_version=&#8220;3.23&#8243; max_width=&#8220;50%&#8220; module_alignment=&#8220;center&#8220; custom_margin=&#8220;||20px|&#8220; global_colors_info=&#8220;{}&#8220; align_phone=&#8220;center&#8220;][/et_pb_image][et_pb_blurb title=&#8220;Impressum&#8220; _builder_version=&#8220;4.13.0&#8243; header_level=&#8220;h2&#8243; header_font=&#8220;Abhaya Libre|||||on|||&#8220; header_text_align=&#8220;center&#8220; header_text_color=&#8220;#bfb8b0&#8243; body_font=&#8220;Abhaya Libre||||||||&#8220; body_text_align=&#8220;center&#8220; text_orientation=&#8220;center&#8220; global_colors_info=&#8220;{}&#8220;][/et_pb_blurb][/et_pb_column][et_pb_column type=&#8220;1_3&#8243; _builder_version=&#8220;3.25&#8243; custom_padding=&#8220;|||&#8220; global_colors_info=&#8220;{}&#8220; custom_padding__hover=&#8220;|||&#8220;][/et_pb_column][/et_pb_row][et_pb_row admin_label=&#8220;row&#8220; _builder_version=&#8220;3.25&#8243; background_size=&#8220;initial&#8220; background_position=&#8220;top_left&#8220; background_repeat=&#8220;repeat&#8220; global_colors_info=&#8220;{}&#8220;][et_pb_column type=&#8220;4_4&#8243; _builder_version=&#8220;3.25&#8243; custom_padding=&#8220;|||&#8220; global_colors_info=&#8220;{}&#8220; custom_padding__hover=&#8220;|||&#8220;][et_pb_text _builder_version=&#8220;4.14.4&#8243; text_font=&#8220;Abhaya Libre||||||||&#8220; text_text_color=&#8220;#707070&#8243; header_font=&#8220;Abhaya Libre|||||on|||&#8220; header_text_align=&#8220;center&#8220; background_size=&#8220;initial&#8220; background_position=&#8220;top_left&#8220; background_repeat=&#8220;repeat&#8220; text_orientation=&#8220;center&#8220; hover_enabled=&#8220;0&#8243; global_colors_info=&#8220;{}&#8220; sticky_enabled=&#8220;0&#8243;]</p>
<p><strong>Susanne Brandau</strong></p>
<p><span style="color: #66615d;"><a style="color: #66615d;" href="https://maps.google.com/?q=Borsigstr.+4+10115+Berlin&amp;entry=gmail&amp;source=g" target="_blank" rel="noopener noreferrer">Borsigstr. 4</a></span></p>
<p><span style="color: #66615d;"><a style="color: #66615d;" href="https://maps.google.com/?q=Borsigstr.+4+10115+Berlin&amp;entry=gmail&amp;source=g" target="_blank" rel="noopener noreferrer">10115 Berlin</a></span></p>
<p>Tel: (030) 98 58 27 64</p>
<p><a href="mailto:mail@praxisbrandau.de">mail@praxisbrandau.de</a></p>
<p>&nbsp;</p>
<p><strong>Gesetzliche Berufsbezeichnung:</strong></p>
<p>Fachärztin für Psychiatrie und Psychotherapie</p>
<p>Berufsbezeichnung: Arzt (erworben in der Bundesrepublik Deutschland)</p>
<p>&nbsp;</p>
<p><span style="color: #726e69;"><strong>Zuständige Kammer:</strong></span></p>
<p><span style="color: #726e69;">Ärztekammer <a style="color: #726e69;" href="https://maps.google.com/?q=Berlin,+Friedrichstr.+16,+10969&amp;entry=gmail&amp;source=g">Berlin, Friedrichstr. 16, 10969</a> Berlin</span></p>
<p><span style="color: #726e69;"><a style="color: #726e69;" href="http://aekb.arzt.de/">http://aekb.arzt.de</a></span></p>
<p><span style="font-size: 14px;">Einzeltherapie, Verhaltenstherapie, integrative Psychotherapie mit Elementen aus Schematherapie, ACT-Therapie ( Acceptance- und Commitmenttherapie), affektive Störungen wie unipolarer Depression, Anpassungsstörung, Burn Out, posttraumatischer Belastungsstörung, Trauma, sexueller Missbrauch, Angsterkrankungen wie Panikstörung, Agoraphobie, spezifischen Phobien, generalisierte Angststörung,weiterhin Zwangsgedanken, Zwangshandlungen, Hypochondrie, Schlafstörungen, Schmerzstörungen, somatoforme Störung, Somatisierungssstörung, somatopsychische Störung,, Depersonalisations-/Derealisationssyndrom, Trennnungangst, Lebenskrisen.</span></p>
<p>&nbsp;</p>
<p><strong>Einzugsgebiet:</strong></p>
<p>Ich als  ärztlich-psychiatrische Psychotherapeutin bin mit meiner Privatpraxis im Großraum Berlin tätig – dazu zählen Berlin Mitte, Tiergarten, Prenzlauer Berg, Pankow, Kreuzberg, Wedding, Charlottenburg-Wilmersdorf, Treptow, Moabit, Tempelhof, Neukölln, Reinickendorf.</p>
<p>&nbsp;</p>
<p>I offer Cognitive behavioral Therapy (CBT), integrative therapy combining elements of schema therapy, ACT-therapy ( Acceptance- and Commitmenttherpy), Mindfulness. As a psychiatrist I provide the clinical assessment, diagnosis and treatment of mental disorders.</p>
<p>Areas of problems: Panic disorder, Panic attacks, Anxiety disorders,  Social phobia, Agoraphobia, Specific phobias, Generalized anxiety disorder, Suicidal thoughts, Depression, Grief, Reactive and adjustment disorders, Bipolar disorder, Obsessive and compulsive disorders, Obsessive thoughts, Obsessive behaviors, Psychosomatic disorders, Chronic pain, Personality disorders, Psychological trauma, Posttraumatic stress disorders PTSD, Self esteem problems, Burn-out, Life crisis</p>
<p>&nbsp;</p>
<p><b>Berufsrechtliche Regelungen:</b></p>
<p>Berufsordnung der Ärztekammer Berlin</p>
<p>Approbationsordnung für Ärzte</p>
<p>Bundesärzteordnung</p>
<p>Berliner Kammergesetz</p>
<p>&nbsp;</p>
<p><b>Zuständige Aufsichtsbehörden:</b></p>
<p>Landesamt für Gesundheit und Soziales Berlin</p>
<p>Die berufsrechtlichen Regelungen können unter der Rubrik „Gesetze-Verordnungen“ bei der Ärztekammer Berlin eingesehen werden:</p>
<p><span style="color: #595452;"><a style="color: #595452;" href="http://www.aerztekammer-berlin.de/">www.aerztekammer-berlin.de</a></span></p>
<p>&nbsp;</p>
<p><strong>Copyright © 2021 Susanne Brandau</strong></p>
<p>&nbsp;</p>
<p><b>Fotos:</b></p>
<p><a href="http://www.pexels.com">www.pexels.com</a></p>
<p><a href="http://www.pexels.com">www.istockphoto.com</a></p>
<p>&nbsp;</p>
<p><b>Gestaltung und Programmierung:</b></p>
<p>Franziska Thiel · <em>Staatlich geprüfte Grafikdesignerin</em></p>
<p>www.franziskathiel.de</p>
<p>[/et_pb_text][/et_pb_column][/et_pb_row][/et_pb_section]</p>

<p>Susanne Brandau Borsigstr. 4 10115 Berlin Tel: (030) 98 58 27 64 mail@praxisbrandau.de &nbsp; Gesetzliche Berufsbezeichnung: Fachärztin für Psychiatrie und Psychotherapie Berufsbezeichnung: Arzt (erworben in der Bundesrepublik Deutschland) &nbsp; Zuständige Kammer: Ärztekammer Berlin, Friedrichstr. 16, 10969 Berlin http://aekb.arzt.de Einzeltherapie, Verhaltenstherapie, integrative Psychotherapie mit Elementen aus Schematherapie, ACT-Therapie ( Acceptance- und Commitmenttherapie), affektive Störungen wie unipolarer Depression, [&hellip;]</p>

<p>Susanne Brandau</p><p><a href="https://maps.google.com/?q=Borsigstr.+4+10115+Berlin&entry=gmail&source=g">Borsigstr. 4</a></p><p><a href="https://maps.google.com/?q=Borsigstr.+4+10115+Berlin&entry=gmail&source=g">10115 Berlin</a></p><p>Tel: (030) 28 88 40 76</p><p><a href="mailto:mail@praxisbrandau.de">mail@praxisbrandau.de</a></p><p><b>Gesetzliche Berufsbezeichnung:</b></p><p>Fachärztin für Psychiatrie und Psychotherapie</p><p>Berufsbezeichnung: Arzt (erworben in der Bundesrepublik Deutschland)</p><p>Zuständige Kammer:</p><p>Ärztekammer <a href="https://maps.google.com/?q=Berlin,+Friedrichstr.+16,+10969&entry=gmail&source=g">Berlin, Friedrichstr. 16, 10969</a> Berlin</p><p><a href="http://aekb.arzt.de/">http://aekb.arzt.de</a></p><p><b>Berufsrechtliche Regelungen</b></p><p>Berufsordnung der Ärztekammer Berlin</p><p>Approbationsordnung für Ärzte</p><p>Bundesärzteordnung</p><p>Berliner Kammergesetz</p><p><b>Zuständige Aufsichtsbehörden:</b></p><p>Landesamt für Gesundheit und Soziales Berlin</p><p>Sä<a href="https://maps.google.com/?q=S+chsische+Str.+28+10707+Berlin&entry=gmail&source=g">chsische Str. 28</a></p><p><a href="https://maps.google.com/?q=S+chsische+Str.+28+10707+Berlin&entry=gmail&source=g">10707 Berlin</a></p><p>Kassenärztliche Vereinigung Berlin</p><p><a href="https://maps.google.com/?q=Masurenallee+6+A+14057+Berlin&entry=gmail&source=g">Masurenallee 6 A</a></p><p><a href="https://maps.google.com/?q=Masurenallee+6+A+14057+Berlin&entry=gmail&source=g">14057 Berlin</a></p><p><a href="http://www.kvberlin.de/">http://www.kvberlin.de</a></p><p>Die berufsrechtlichen Regelungen können unter der Rubrik “Gesetze-Verordnungen” bei der Ärztekammer Berlin eingesehen werden:</p><p><a href="http://www.aerztekammer-berlin.de/">www.aerztekammer-berlin.de</a></p><p>Copyright</p><p>© 2018 Susanne Brandau</p><p><b>Gestaltung und Programmierung:</b></p><p>© Franziska Thiel · Staatlich geprüfte Grafikdesignerin · www.franziskathiel.de</p>
