{"id":62,"date":"2018-03-18T20:56:51","date_gmt":"2018-03-18T19:56:51","guid":{"rendered":"https:\/\/praxisbrandau.de\/?page_id=62"},"modified":"2026-03-22T11:48:05","modified_gmt":"2026-03-22T10:48:05","slug":"kosten","status":"publish","type":"page","link":"https:\/\/praxisbrandau.de\/?page_id=62","title":{"rendered":"Kosten"},"content":{"rendered":"<p>[et_pb_section fb_built=&#8220;1&#8243; fullwidth=&#8220;on&#8220; _builder_version=&#8220;4.16&#8243; global_colors_info=&#8220;{}&#8220;][et_pb_fullwidth_image src=&#8220;https:\/\/praxisbrandau.de\/wp-content\/uploads\/2018\/04\/sun-nature-sea-grass-sky-69094.jpg&#8220; _builder_version=&#8220;4.16&#8243; global_colors_info=&#8220;{}&#8220;][\/et_pb_fullwidth_image][\/et_pb_section][et_pb_section fb_built=&#8220;1&#8243; admin_label=&#8220;section&#8220; _builder_version=&#8220;4.16&#8243; global_colors_info=&#8220;{}&#8220;][et_pb_row column_structure=&#8220;1_3,1_3,1_3&#8243; _builder_version=&#8220;4.16&#8243; background_size=&#8220;initial&#8220; background_position=&#8220;top_left&#8220; background_repeat=&#8220;repeat&#8220; global_colors_info=&#8220;{}&#8220;][et_pb_column type=&#8220;1_3&#8243; _builder_version=&#8220;4.16&#8243; custom_padding=&#8220;|||&#8220; global_colors_info=&#8220;{}&#8220; custom_padding__hover=&#8220;|||&#8220;][\/et_pb_column][et_pb_column type=&#8220;1_3&#8243; _builder_version=&#8220;4.16&#8243; custom_padding=&#8220;|||&#8220; global_colors_info=&#8220;{}&#8220; custom_padding__hover=&#8220;|||&#8220;][et_pb_image src=&#8220;https:\/\/praxisbrandau.de\/wp-content\/uploads\/2018\/04\/Icon_Kosten.png&#8220; show_bottom_space=&#8220;off&#8220; align=&#8220;center&#8220; align_tablet=&#8220;center&#8220; align_phone=&#8220;center&#8220; align_last_edited=&#8220;on|desktop&#8220; _builder_version=&#8220;4.16&#8243; max_width=&#8220;50%&#8220; module_alignment=&#8220;center&#8220; custom_margin=&#8220;||20px|&#8220; global_colors_info=&#8220;{}&#8220;][\/et_pb_image][et_pb_blurb title=&#8220;Kosten&#8220; _builder_version=&#8220;4.16&#8243; header_level=&#8220;h2&#8243; header_font=&#8220;Abhaya Libre|||||on|||&#8220; header_text_align=&#8220;center&#8220; header_text_color=&#8220;#bfb8b0&#8243; body_font=&#8220;Abhaya Libre||||||||&#8220; body_text_align=&#8220;center&#8220; text_orientation=&#8220;center&#8220; global_colors_info=&#8220;{}&#8220;][\/et_pb_blurb][\/et_pb_column][et_pb_column type=&#8220;1_3&#8243; _builder_version=&#8220;4.16&#8243; custom_padding=&#8220;|||&#8220; global_colors_info=&#8220;{}&#8220; custom_padding__hover=&#8220;|||&#8220;][\/et_pb_column][\/et_pb_row][et_pb_row admin_label=&#8220;row&#8220; _builder_version=&#8220;4.16&#8243; background_size=&#8220;initial&#8220; background_position=&#8220;top_left&#8220; background_repeat=&#8220;repeat&#8220; min_height=&#8220;500px&#8220; global_colors_info=&#8220;{}&#8220;][et_pb_column type=&#8220;4_4&#8243; _builder_version=&#8220;4.16&#8243; custom_padding=&#8220;|||&#8220; global_colors_info=&#8220;{}&#8220; custom_padding__hover=&#8220;|||&#8220;][et_pb_text _builder_version=&#8220;4.16&#8243; text_font=&#8220;Abhaya Libre||||||||&#8220; text_text_color=&#8220;#707070&#8243; header_font=&#8220;Abhaya Libre|||||on|||&#8220; header_text_align=&#8220;center&#8220; background_size=&#8220;initial&#8220; background_position=&#8220;top_left&#8220; background_repeat=&#8220;repeat&#8220; text_orientation=&#8220;center&#8220; global_colors_info=&#8220;{}&#8220;]<\/p>\n<p>&nbsp;<\/p>\n<p data-start=\"301\" data-end=\"347\"><strong data-start=\"301\" data-end=\"347\">Private Krankenversicherungen und Beihilfe<\/strong><\/p>\n<p data-start=\"301\" data-end=\"347\">Psychotherapeutische Behandlungen von privat versicherten Patientinnen und Patienten sowie von Beihilfeberechtigten geh\u00f6ren zu den regul\u00e4ren Leistungen meiner Praxis.<\/p>\n<p data-start=\"517\" data-end=\"943\">Die Kosten f\u00fcr eine Psychotherapie werden bei Vorliegen einer entsprechenden Indikation von privaten Krankenversicherungen und der Beihilfe in der Regel \u00fcbernommen, sofern Psychotherapie Bestandteil Ihres Versicherungsvertrages ist. Der genaue Leistungsumfang kann je nach Tarif variieren. Es empfiehlt sich daher, vor Beginn der Behandlung kurz mit Ihrer Versicherung zu kl\u00e4ren, in welchem Umfang die Kosten erstattet werden.<\/p>\n<p data-start=\"945\" data-end=\"1284\">Das Erstgespr\u00e4ch sowie in der Regel bis zu f\u00fcnf sogenannte probatorische Sitzungen werden meist ohne vorherige Genehmigung erstattet. Wenn Sie sich anschlie\u00dfend f\u00fcr eine Therapie entscheiden, erstelle ich den erforderlichen Antrag entsprechend den Vorgaben Ihrer Versicherung. Dieser wird anonymisiert von einem externen Gutachter gepr\u00fcft.<\/p>\n<p data-start=\"1286\" data-end=\"1377\">Bei Fragen zum Ablauf oder zu den Formalit\u00e4ten unterst\u00fctze ich Sie selbstverst\u00e4ndlich gern.<\/p>\n<p data-start=\"1379\" data-end=\"1414\"><strong data-start=\"1379\" data-end=\"1414\">Gesetzliche Krankenversicherung<\/strong><\/p>\n<p data-start=\"1416\" data-end=\"1605\">Eine Behandlung von gesetzlich versicherten Patientinnen und Patienten ist ebenfalls m\u00f6glich. Sie ben\u00f6tigen hierf\u00fcr keine \u00dcberweisung, sondern lediglich Ihre elektronische Gesundheitskarte.<\/p>\n<p>[\/et_pb_text][\/et_pb_column][\/et_pb_row][\/et_pb_section]<\/p>\n","protected":false},"excerpt":{"rendered":"<p>&nbsp; Private Krankenversicherungen und Beihilfe Psychotherapeutische Behandlungen von privat versicherten Patientinnen und Patienten sowie von Beihilfeberechtigten geh\u00f6ren zu den regul\u00e4ren Leistungen meiner Praxis. Die Kosten f\u00fcr eine Psychotherapie werden bei Vorliegen einer entsprechenden Indikation von privaten Krankenversicherungen und der Beihilfe in der Regel \u00fcbernommen, sofern Psychotherapie Bestandteil Ihres Versicherungsvertrages ist. Der genaue Leistungsumfang kann je [&hellip;]<\/p>\n","protected":false},"author":1,"featured_media":0,"parent":0,"menu_order":0,"comment_status":"closed","ping_status":"closed","template":"","meta":{"_et_pb_use_builder":"on","_et_pb_old_content":"<h4>Private Krankenversicherungen<\/h4><p>Die Kosten f\u00fcr eine Psychotherapie werden bei Vorliegen einer entsprechenden Indikation in der Regel von den privaten Krankenversicherungen oder der Beihilfe \u00fcbernommen, sofern Sie dies nicht im Versicherungsvertrag ausgeschlossen haben.vDer Umfang der Versicherungsleistungen unterscheidet sich von Versicherung zu Versicherung bzw. h\u00e4ngt von dem von Ihnen abgeschlossenen Versicherungsvertrag ab. Bitte kl\u00e4ren Sie dies in einem Telefonat mit Ihrer privaten Krankenversicherung zu Anfang der Therapie ab.<\/p><p>Das Erstgespr\u00e4ch und f\u00fcnf weitere Sitzungen (probatorische Sitzungen oder auch Vorgespr\u00e4che genannt) werden in der Regel ohne vorherige Bewilligung erstattet. Sollten Sie sich dann f\u00fcr eine Psychotherapie bei mir entscheiden, erstelle ich gegebenenfalls den Therapieantrag entsprechend den Regelungen Ihrer privaten Krankenversicherung. Der Antrag, welcher v\u00f6llig anonymisiert ist, muss danach durch einen externen, fachgebundenen Gutachter Ihrer privaten Krankenversicherung bewilligt werden.<\/p><p>Bei Unklarheiten bin ich Ihnen sehr gerne behilflich.<\/p><p>\u00a0<\/p><h4>Selbstzahler<\/h4><p>Wenn Sie die Therapie selbst bezahlen wollen, spielen versicherungstechnische Formalit\u00e4ten f\u00fcr Sie keine Rolle.<\/p><p>\u00a0<\/p><h4>Gesetzliche Krankenkassen<\/h4><p>Ich f\u00fchre eine reine Privatpraxis, daher ist eine direkte Abrechnung mit gesetzlichen Krankenkassen nicht m\u00f6glich.<\/p><p>In begr\u00fcndeten Ausnahmef\u00e4llen besteht im sogenannten Kostenerstattungsverfahren die M\u00f6glichkeit der Kostenerstattung durch die gesetzliche Krankenkasse. Hierbei handelt es sich jedoch immer um Einzelfallentscheidungen der Krankenkassen, die seit April 2017 leider \u00fcberwiegend negativ ausfielen. Sie m\u00fcssen dabei nachweisen k\u00f6nnen, dass Sie in zumutbarer Wartezeit und Entfernung keinen freien Therapieplatz bei einem \u00e4rztlichen oder psychologischen Psychotherapeuten mit Kassenzulassung gefunden haben. Da sich diese Situation aus politischen Gr\u00fcnden stets \u00e4ndern kann, ist es ratsam, sich diesbez\u00fcglich direkt an Ihre Krankenkasse oder auch an mich zu wenden.<\/p>","_et_gb_content_width":"","footnotes":""},"class_list":["post-62","page","type-page","status-publish","hentry"],"_links":{"self":[{"href":"https:\/\/praxisbrandau.de\/index.php?rest_route=\/wp\/v2\/pages\/62","targetHints":{"allow":["GET"]}}],"collection":[{"href":"https:\/\/praxisbrandau.de\/index.php?rest_route=\/wp\/v2\/pages"}],"about":[{"href":"https:\/\/praxisbrandau.de\/index.php?rest_route=\/wp\/v2\/types\/page"}],"author":[{"embeddable":true,"href":"https:\/\/praxisbrandau.de\/index.php?rest_route=\/wp\/v2\/users\/1"}],"replies":[{"embeddable":true,"href":"https:\/\/praxisbrandau.de\/index.php?rest_route=%2Fwp%2Fv2%2Fcomments&post=62"}],"version-history":[{"count":26,"href":"https:\/\/praxisbrandau.de\/index.php?rest_route=\/wp\/v2\/pages\/62\/revisions"}],"predecessor-version":[{"id":639,"href":"https:\/\/praxisbrandau.de\/index.php?rest_route=\/wp\/v2\/pages\/62\/revisions\/639"}],"wp:attachment":[{"href":"https:\/\/praxisbrandau.de\/index.php?rest_route=%2Fwp%2Fv2%2Fmedia&parent=62"}],"curies":[{"name":"wp","href":"https:\/\/api.w.org\/{rel}","templated":true}]}}

<p>[et_pb_section fb_built=&#8220;1&#8243; fullwidth=&#8220;on&#8220; _builder_version=&#8220;4.16&#8243; global_colors_info=&#8220;{}&#8220;][et_pb_fullwidth_image src=&#8220;https://praxisbrandau.de/wp-content/uploads/2018/04/sun-nature-sea-grass-sky-69094.jpg&#8220; _builder_version=&#8220;4.16&#8243; global_colors_info=&#8220;{}&#8220;][/et_pb_fullwidth_image][/et_pb_section][et_pb_section fb_built=&#8220;1&#8243; admin_label=&#8220;section&#8220; _builder_version=&#8220;4.16&#8243; global_colors_info=&#8220;{}&#8220;][et_pb_row column_structure=&#8220;1_3,1_3,1_3&#8243; _builder_version=&#8220;4.16&#8243; background_size=&#8220;initial&#8220; background_position=&#8220;top_left&#8220; background_repeat=&#8220;repeat&#8220; global_colors_info=&#8220;{}&#8220;][et_pb_column type=&#8220;1_3&#8243; _builder_version=&#8220;4.16&#8243; custom_padding=&#8220;|||&#8220; global_colors_info=&#8220;{}&#8220; custom_padding__hover=&#8220;|||&#8220;][/et_pb_column][et_pb_column type=&#8220;1_3&#8243; _builder_version=&#8220;4.16&#8243; custom_padding=&#8220;|||&#8220; global_colors_info=&#8220;{}&#8220; custom_padding__hover=&#8220;|||&#8220;][et_pb_image src=&#8220;https://praxisbrandau.de/wp-content/uploads/2018/04/Icon_Kosten.png&#8220; show_bottom_space=&#8220;off&#8220; align=&#8220;center&#8220; align_tablet=&#8220;center&#8220; align_phone=&#8220;center&#8220; align_last_edited=&#8220;on|desktop&#8220; _builder_version=&#8220;4.16&#8243; max_width=&#8220;50%&#8220; module_alignment=&#8220;center&#8220; custom_margin=&#8220;||20px|&#8220; global_colors_info=&#8220;{}&#8220;][/et_pb_image][et_pb_blurb title=&#8220;Kosten&#8220; _builder_version=&#8220;4.16&#8243; header_level=&#8220;h2&#8243; header_font=&#8220;Abhaya Libre|||||on|||&#8220; header_text_align=&#8220;center&#8220; header_text_color=&#8220;#bfb8b0&#8243; body_font=&#8220;Abhaya Libre||||||||&#8220; body_text_align=&#8220;center&#8220; text_orientation=&#8220;center&#8220; global_colors_info=&#8220;{}&#8220;][/et_pb_blurb][/et_pb_column][et_pb_column type=&#8220;1_3&#8243; _builder_version=&#8220;4.16&#8243; custom_padding=&#8220;|||&#8220; global_colors_info=&#8220;{}&#8220; custom_padding__hover=&#8220;|||&#8220;][/et_pb_column][/et_pb_row][et_pb_row admin_label=&#8220;row&#8220; _builder_version=&#8220;4.16&#8243; background_size=&#8220;initial&#8220; background_position=&#8220;top_left&#8220; background_repeat=&#8220;repeat&#8220; min_height=&#8220;500px&#8220; global_colors_info=&#8220;{}&#8220;][et_pb_column type=&#8220;4_4&#8243; _builder_version=&#8220;4.16&#8243; custom_padding=&#8220;|||&#8220; global_colors_info=&#8220;{}&#8220; custom_padding__hover=&#8220;|||&#8220;][et_pb_text _builder_version=&#8220;4.16&#8243; text_font=&#8220;Abhaya Libre||||||||&#8220; text_text_color=&#8220;#707070&#8243; header_font=&#8220;Abhaya Libre|||||on|||&#8220; header_text_align=&#8220;center&#8220; background_size=&#8220;initial&#8220; background_position=&#8220;top_left&#8220; background_repeat=&#8220;repeat&#8220; text_orientation=&#8220;center&#8220; global_colors_info=&#8220;{}&#8220;]</p>
<p>&nbsp;</p>
<p data-start="301" data-end="347"><strong data-start="301" data-end="347">Private Krankenversicherungen und Beihilfe</strong></p>
<p data-start="301" data-end="347">Psychotherapeutische Behandlungen von privat versicherten Patientinnen und Patienten sowie von Beihilfeberechtigten gehören zu den regulären Leistungen meiner Praxis.</p>
<p data-start="517" data-end="943">Die Kosten für eine Psychotherapie werden bei Vorliegen einer entsprechenden Indikation von privaten Krankenversicherungen und der Beihilfe in der Regel übernommen, sofern Psychotherapie Bestandteil Ihres Versicherungsvertrages ist. Der genaue Leistungsumfang kann je nach Tarif variieren. Es empfiehlt sich daher, vor Beginn der Behandlung kurz mit Ihrer Versicherung zu klären, in welchem Umfang die Kosten erstattet werden.</p>
<p data-start="945" data-end="1284">Das Erstgespräch sowie in der Regel bis zu fünf sogenannte probatorische Sitzungen werden meist ohne vorherige Genehmigung erstattet. Wenn Sie sich anschließend für eine Therapie entscheiden, erstelle ich den erforderlichen Antrag entsprechend den Vorgaben Ihrer Versicherung. Dieser wird anonymisiert von einem externen Gutachter geprüft.</p>
<p data-start="1286" data-end="1377">Bei Fragen zum Ablauf oder zu den Formalitäten unterstütze ich Sie selbstverständlich gern.</p>
<p data-start="1379" data-end="1414"><strong data-start="1379" data-end="1414">Gesetzliche Krankenversicherung</strong></p>
<p data-start="1416" data-end="1605">Eine Behandlung von gesetzlich versicherten Patientinnen und Patienten ist ebenfalls möglich. Sie benötigen hierfür keine Überweisung, sondern lediglich Ihre elektronische Gesundheitskarte.</p>
<p>[/et_pb_text][/et_pb_column][/et_pb_row][/et_pb_section]</p>

<p>&nbsp; Private Krankenversicherungen und Beihilfe Psychotherapeutische Behandlungen von privat versicherten Patientinnen und Patienten sowie von Beihilfeberechtigten gehören zu den regulären Leistungen meiner Praxis. Die Kosten für eine Psychotherapie werden bei Vorliegen einer entsprechenden Indikation von privaten Krankenversicherungen und der Beihilfe in der Regel übernommen, sofern Psychotherapie Bestandteil Ihres Versicherungsvertrages ist. Der genaue Leistungsumfang kann je [&hellip;]</p>

<h4>Private Krankenversicherungen</h4><p>Die Kosten für eine Psychotherapie werden bei Vorliegen einer entsprechenden Indikation in der Regel von den privaten Krankenversicherungen oder der Beihilfe übernommen, sofern Sie dies nicht im Versicherungsvertrag ausgeschlossen haben.vDer Umfang der Versicherungsleistungen unterscheidet sich von Versicherung zu Versicherung bzw. hängt von dem von Ihnen abgeschlossenen Versicherungsvertrag ab. Bitte klären Sie dies in einem Telefonat mit Ihrer privaten Krankenversicherung zu Anfang der Therapie ab.</p><p>Das Erstgespräch und fünf weitere Sitzungen (probatorische Sitzungen oder auch Vorgespräche genannt) werden in der Regel ohne vorherige Bewilligung erstattet. Sollten Sie sich dann für eine Psychotherapie bei mir entscheiden, erstelle ich gegebenenfalls den Therapieantrag entsprechend den Regelungen Ihrer privaten Krankenversicherung. Der Antrag, welcher völlig anonymisiert ist, muss danach durch einen externen, fachgebundenen Gutachter Ihrer privaten Krankenversicherung bewilligt werden.</p><p>Bei Unklarheiten bin ich Ihnen sehr gerne behilflich.</p><p> </p><h4>Selbstzahler</h4><p>Wenn Sie die Therapie selbst bezahlen wollen, spielen versicherungstechnische Formalitäten für Sie keine Rolle.</p><p> </p><h4>Gesetzliche Krankenkassen</h4><p>Ich führe eine reine Privatpraxis, daher ist eine direkte Abrechnung mit gesetzlichen Krankenkassen nicht möglich.</p><p>In begründeten Ausnahmefällen besteht im sogenannten Kostenerstattungsverfahren die Möglichkeit der Kostenerstattung durch die gesetzliche Krankenkasse. Hierbei handelt es sich jedoch immer um Einzelfallentscheidungen der Krankenkassen, die seit April 2017 leider überwiegend negativ ausfielen. Sie müssen dabei nachweisen können, dass Sie in zumutbarer Wartezeit und Entfernung keinen freien Therapieplatz bei einem ärztlichen oder psychologischen Psychotherapeuten mit Kassenzulassung gefunden haben. Da sich diese Situation aus politischen Gründen stets ändern kann, ist es ratsam, sich diesbezüglich direkt an Ihre Krankenkasse oder auch an mich zu wenden.</p>
